837 - -793)?
-8
What is 59 - -2 - ((0 - 1) + (-17 - -41) + -18)?
56
What is the value of 1 + -1 + -1185 + 1231 + (-11 - (-2 + 1))?
36
Calculate 0 - (30 + -10 - 53).
33
What is the value of -17938 - -17892 - (2 + (0 - 7) - 1)?
-40
What is the value of -5 - ((-125 + 138 - (-1 + 8)) + -14)?
3
What is the value of 51 - 140 - -34 - -131?
76
Evaluate 0 - 6 - (-147 - -140) - (-3 - 69).
73
What is -20 - (5 + -13 + -20) - (1 - -47)?
-40
-15 - (-133 - (-97 - -37))
58
What is the value of -4 - (9 - (-1 - ((-32 - -10) + 9))) - 72?
-73
What is -6 + (13 + (45 - 26) - -22)?
48
(4 - -27) + (624 - 576)
79
What is (-1598 - -1552) + (0 - -18) + -98?
-126
What is 2 + 66 + (6 + 1 - (-967 + 992))?
50
Evaluate (5 - 15) + 5 + (53 - 9).
39
What is (-13 - (37 - 43)) + 79 - -19?
91
Evaluate -24 + -1 + 1 + -12078 + 12144.
42
-1 - -26 - (63 - 86 - -47) - (1 - -62)
-62
Evaluate 4 - (36 - 29 - (5 - (1 + 9)) - 81).
73
What is the value of 125 + -196 + (-20 - -138)?
47
What is (-10 - (-1 + -1 - -4)) + 7 + -10 + -2?
-17
What is 24 + -4 - (-53 + 43)?
30
What is 4 + 3 - (42 + 32 + 4 + -17)?
-54
Calculate -8 + 0 + 0 + (-13902 - -13923).
13
What is the value of -12 + (56 - (35 + 25))?
-16
(145 - 122 - 8) + -4
11
(-131 + 134 - (-1 - 12)) + 5 + -1
20
-2 - (18 + -26 + 2 - (1 + -45))
-40
(-10 + (-14 - (-34 + (12 - 13))) - 2) + -23
-14
What is 21 + 0 + (-38 - (4 - (52 + -12)))?
19
What is 5 - (52 + -58 + -4 + 4 + 0)?
11
What is the value of -61 + (9 + -15 - (28 + (-22 - 7)))?
-66
What is the value of (3 + -3 - (-5 + 2)) + 4045 + -4005?
43
85 + -21 + 11 + -23 - (-2 + -14)
68
16 + 14 + 3 - 38
-5
What is -6 - -2 - (-24 - ((-11 - -10) + 15) - 1)?
35
Calculate -45 - (125 + -122 - 6).
-42
Calculate -11 + (-2 - 18) + (-219 - -227) + 12.
-11
Calculate (-5 - 9 - -7) + (16 - 6 - (-1 + 9)).
-5
Evaluate -2989 + 3004 - (-1 - -33 - (1 - 4)).
-20
Calculate -40 - (-53 - 55) - 62.
6
Calculate -15 + 1 + 20 - (16 - 3).
-7
Evaluate -7 + 17 + (0 + -2 + -1 - -3 - -23).
33
Calculate -90 + (-64 - 7) - -57.
-104
Evaluate (129 + -123 + 1 + -9 - -2) + 67.
67
Evaluate 2 + (-8 + (-4 - -2) - 5) + (140 - 43).
84
Evaluate -89 + (9 + -8 - (-1 - 7 - 4)).
-76
Evaluate (2 - -1) + 6 + 9 - (-187 + 201).
4
Calculate ((66 - 36) + -57 - -28) + 86.
87
What is -15 + (10 + -5 - -8) + (-6 - 2)?
-10
What is the value of 42 + (86 - 123) + -29 + 1?
-23
What is -3 + 2 + (-7 - -7) + 34 + -58?
-25
Calculate 20 - (82 - 60) - (-18 + -1).
17
Calculate -4 - (-52 + -24 + 21 + -2).
53
Evaluate 0 + 10 + (-44 - (-49 - -7)) + 10.
18
-23 - (9 + (28 - 61) + 45)
-44
What is the value of -11 - (187 - 191 - (0 + 7))?
0
Evaluate -29 + (122 - (-32 + (-19 - -2))).
142
What is the value of 2 + (-22 - -39) - (-28 - (0 + -17))?
30
Evaluate (38 - 37) + 11 + -9 + -38.
-35
20 + -1 - -1 - (646 - 613)
-13
What is the value of -32 + -76 + 82 - -75?
49
Calculate 51 - 125 - (3 - 2 - 5 - (-1 - 0)).
-71
What is the value of 0 + 2 + -4 + (8 - (-8 + 16)) - -25?
23
Evaluate 97 - 11 - (54 + 14).
18
What is the value of -34 + -6 + 14 + 5 - 17?
-38
What is -9 - (6 - (-30 - (7 + (-7 - -8 - 0))))?
-53
Calculate (-26 - -24 - -8) + -4 + (-85 - 1) + 0.
-84
Calculate -15 + (103 - (7 - -11)) - (4 - (0 - 2)).
64
Calculate -7 - -2 - (-391 + 358) - 91.
-63
1 + -5 + 0 + 35 - (397 + -407)
41
-1 + -11 + 848 + -783 - ((2 - 7) + 3)
55
Evaluate -12 - -5 - (6 - (171 - 225 - (-10 - -1))).
-58
What is the value of -4 - 4 - (-29 + -11 + 24)?
8
Calculate (-179 - (172 + -362)) + (55 - 0).
66
Calculate 44 - ((1 - -7) + 349 + -369).
56
What is 3 - (-25 - (-41 + 45 + (4 - 12)))?
24
What is -8 - -2 - (1496 + -1516)?
14
Evaluate 4 + -19 + 51 + 12 - 0.
48
Evaluate -20 - ((-2 + 11 - 4) + -11 + (50 - 50)).
-14
Calculate 75 - 102 - (-3 + 60 + -2).
-82
Evaluate 1 - 96 - (-3740 + 3722).
-77
(-4 - -12 - (-1 - -4)) + -127 + 107 + 90
75
What is (-5 - 23) + (244 - 198)?
18
Evaluate -62 + 94 + -45 - -49.
36
Calculate -31 - (3 + -83 + (-37 - -39)).
47
Evaluate -15 + (-38 - 2) + (4 - -11).
-40
Calculate -2 - 1 - (18 - ((-8 - -14) + -5)) - -9.
-11
What is the value of -10 + (63 - -3) + 6?
62
-18 + (4 + (-10 - -6) - -13) - 30
-35
22 - (56 + (-94 - -71))
-11
Evaluate 1 + (-16 - (-225 - -211 - (1 + 27))).
27
Evaluate -25 - (-18 - -20) - 30.
-57
-33 + (79 - -10) + -16
40
Evaluate 21 + 3 + -9 + (-50 - 40) + 24.
-51
What is the value of (8 - (-21 - -8 - -18)) + -3 - (42 + -1)?
-41
Calculate (109 - 0) + (25170 - 25268).
11
-52 - (-2 - 28 - 17)
-5
What is the value of -41 - (60 + (-129 - -46))?
-18
-65 + 57 - (-44 + 0 + -3 + 0)
39
What is 9 + -1 + (-23 - (0 - 8)) + 12?
5
Calculate -20 - -55 - 12 - -57 - 22.
58
What is the value of (1 - (4 - (-4 + -5 + 12) - 0)) + -49?
-49
What is -4 - (35 + (-6 - -2)) - (9 + 0 + -21)?
-23
Calculate (6 - 14) + -4 + -5 + 11 - (-38 + -2).
34
What is 94 + -95 + (14 - 3 - -1) - (-4 - -2)?
13
What is the value of (-26 - 11 - (-27 + 8)) + -8?
-26
Calculate (0 + -26 - 33 - 41) + 36.
-64
What is 1 - (3 - -42 - (-4 + 10 + -18 + 9))?
-47
Calculate -22 + (-7 + (12 - 5) - -2) + 128.
108
(36 - -50) + -71 + -10
5
What is 57 + -42 + (1 - 18) - 37?
-39
Evaluate (16 - -24) + 16 + (11 + -4 - 12).
51
-1 + 3 + (0 - -15) + 6 + 12
35
What is 20 + (-6 - (-2 + 29)) + (-39 - 1)?
-53
What is the value of (17 - (-110 + 98)) + 2 + -51?
-20
Evaluate 4483 - 4329 - (-1 + 106).
49
What is the value of 111 + -188 + (49 - (10 - -3))?
-41
9 + (77 - 11) + -3 + -8 + 0
64
What is -27 + 0 + (-375 + 385 - (-1 - -21))?
-37
Evaluate (-59 - -83 - 38) + (0 - 10).
-24
What is -20 + 76 - (-12 + 1) - (13 - 6)?
60
What is (-1124 - -1192) + (-2 - 17)?
49
Calculate 31 + (-24 - 102) - (2 + -5 + (2 - 1)).
-93
What is -4 + -36 - (32 + -75)?
3
Calculate 31 - (-2 + 12 + -5 + -9 + 14 + 1).
20
What is (-37 - -118) + -77 - 123?
-119
What is 3 + (0 + 36 + 2 - (-1 + 10 - 9))?
41
Calculate 0 + -7 + (-12 + -3 - (-8 - 2)).
-12
What is the value of 156 + (-48 - 20) + -82?
6
What is the value of (4 - (-41 - -31)) + -1?
13
Evaluate -44 + (-7 - -9) - (30 + -48 + 10).
-34
What is the value of (1 - 1) + (2 + (21 - 30) - -20)?
13
-35 - (-14 - -7 - -6) - (-13 - -12)
-33
Calculate 82 - 5 - (-2 + (2 - 2)) - (1752 - 1759).
86
Calculate -2 - -1 - (3 - (9 + (4 - (-5 + -16)))).
30
Calculate -29 + 22 + (-2 - -16).
7
What is (59 - 77 - 37) + 135?
80
-1 + 0 + 1 + 2 - (92 + -106 + 31)
-15
Calculate 20 + (-14 - (10 - 16)) + -8.
4
(9 - (-23 + -73) - 27) + -19
59
Calculate 0 + 79 - (-348 + 419).
8
What is the value of -37 + (0 - 4 - -8) + 47 + -59 + -2?
-47
30 - (10 - 2) - (44 + (-23 - 23))
24
What is -9 - -2 - (383 - 368)?
-22
What is (31 - (32 + -26)) + 13?
38
What is -53 - ((-2 - -1) + 97 + -97 + 11)?
-63
-416 + 454 + (1 - 81)
-42
13 + -26 + -5 + 17 + -17
-18
Evaluate 1 - (-130 - 0) - (3297 - 3265).
99
What is (-4041 - -4050) + (0 - -1) + (-38 - 0)?
-28
What is 124 - (35 - -114) - 0?
-25
892 - 905 - (-17 + -1)
5
(-63 - 131) + 138 - (26 + 1)
-83
What is the value of 14 + -1 + (-114 - -168 - 66) + 139?
140
What is 19 + (-46 - (-46 - -1))?
18
What is the value of (8 + 2 - 0) + (2 - 7 - -2 - -8)?
15
Calculate 10 + 7 + (-5 - (-28 - -5 - -7)).
28
Evaluate 94 - 124 - (-4 - -4 - -6 - (11 - 2)).
-27
What is (-6 - (1 - (-5 + 3))) + (-9 - (3 + 27))?
-48
Calculate -42 + -1 + (1 - 3) + -3864 + 3877.
-32
What is the value of 4 + -8 + (67 - 90) + 37?
10
Calculate 19 - (-17 - -29) - (-26 + -1) - -4 - 5.
33
Evaluate -18 - (108 + -24 - 51).
-51
What is the value of 174 + (-195 + -83 - -139)?
35
Evaluate (-17 - -79) + 12 + -3 + -38.
33
What is (-15 - -2) + -9 - (-24 - -26)?
-24
Evaluate 8 + 2 + -1874 + 1870.
6
What is the value of 2 - ((-10 - ((-13 - -2) + -11 - -12)) + -64)?
66
Calculate (-54 - (11 + -132)) + 42.
109
Calculate -31 + 107 + -54 + -4.
18
Calculate 473 + -460 + (-91 - -11).
-67
-1 + 3 + -4 + 6 - (-20 - -51 - -34)
-61
Evaluate 6 + -21 + 59 - (-10 - -32).
22
What is the value of 41 + -55 - (-10 - (-8 + 52))?
40
12 + 6 + -3 + (44 - (39 - 3))
23
Calculate 0 + -24 + (-14 - (-4 - -8) - -22).
-20
What is the value of -9 + (-60 - (10 + -25)) + 16 + -4?
-42
Evaluate -63 - (-116 + -63) - 93.
23
Calculate 64 - (15 + (-15 - -23) + -7).
48
Evaluate 42 + -21 + 23 + -45 + 39.
38
Evaluate -31 + -35 + -20 - -44.
-42
-216 + 69 + 85 + -22
-84
What is (-6 - (21 - (21 - 8))) + 9 - -52?
47
What is the value of (-5 - -1) + -54 + -28 + 16 + -14?
-84
What is the value of (30 - 43) + 89 + -5